4*a - 3*a - 3*q - 168, -v*q - 879 = -5*a. What is the highest common divisor of a and 236?
59
Suppose 0 = 6*o + 36, -2*g + 66 = -313*o + 308*o. Calculate the greatest common factor of 1602 and g.
18
Suppose -64*d - 17824 = -282785 - 99455. Calculate the greatest common factor of 195 and d.
39
Let p be (-5 - (-1)/1)*-1. Suppose 2*l - p*x = 33 - 1, 3*l - 3 = -3*x. What is the highest common divisor of 18 and l?
6
Suppose 0 = -p - 3*v + 39, -9*v = -2*p - 10*v + 58. Let g(x) = -x**3 - 40*x**2 + 38*x - 6. Let f be g(-41). Calculate the greatest common divisor of f and p.
9
Let t be 18/5*1*5. Let c be 2/(39/(-345) - (-3)/15). Suppose 0 = -9*g + 185 - c. Calculate the highest common factor of g and t.
18
Let f = 112 + -111. Suppose 0*i = i - f. Suppose 38 = 13*d - i. What is the greatest common factor of 3 and d?
3
Suppose 8*r + 214 - 22 = 0. Let t = r - -63. Calculate the greatest common divisor of t and 195.
39
Let g = 5781 - 5176. What is the greatest common divisor of 5 and g?
5
Suppose -149*t + 853138 = -0*t - 370897. What is the greatest common factor of t and 620?
155
Suppose 136 = 62*o - 3460. What is the greatest common factor of o and 841?
29
Let l(y) = 8*y**2 - 5. Let h be l(2). Suppose -5*u - 5 + 35 = 0. Calculate the highest common factor of h and u.
3
Let x(c) = -c**3 - 6*c**2 + 4*c + 16. Let b(z) = -8*z + 166. Let y be b(22). Let q be x(y). What is the greatest common factor of q and 282?
94
Suppose -2*o - 9774 = -10258. What is the greatest common factor of o and 396?
22
Let j = 113 - 120. Let y be j/((-154)/(-12))*-22. Let o(b) = 2*b**2 - 5*b - 21. Let p be o(9). What is the greatest common divisor of p and y?
12
Suppose 2*g + 4*r = 316, 4*g - 584*r + 583*r - 704 = 0. Calculate the greatest common factor of 8961 and g.
87
Let c(p) = p**2 + 84*p - 80*p + 0 + 0. Let u be c(-4). Suppose -5*o + 161 + 199 = u. Calculate the greatest common divisor of o and 18.
18
Suppose -3*p + 5*a + 100 = 0, 3*p + 16*a - 17*a = 92. Let v(z) = 3*z**2 - 6*z. Let y be v(10). What is the highest common divisor of y and p?
30
Suppose -y + 126 = 6*v - v, 0 = 3*v + 5*y - 80. Let d(b) = b**3 + 4*b**2 + 1. Let g be d(-3). What is the greatest common factor of g and v?
5
Suppose -109*f - 60363 = -128*f. What is the highest common factor of f and 9?
9
Suppose 2*g = 10 + 4. Let r be -223*(2 + 0)/2. Let n be 13/52 - r/4. What is the highest common divisor of n and g?
7
Suppose 77 = 5*v + 17. Suppose 7*p = -2*p - 27. Let u be (((-108)/(-10))/p)/(24/(-80)). What is the greatest common divisor of u and v?
12
Let d = 69 + -60. Let o be (-936)/(-65) - d/(-15). What is the highest common divisor of o and 5?
5
Suppose -b - 1 = 3*r, -67*b = 5*r - 63*b + 11. Let i = -52 - -63. What is the highest common divisor of i and r?
1
Suppose -2*s - 60 + 62 = 0. Calculate the greatest common divisor of 53 and s.
1
Let i(x) = -x**2 + 8*x - 5. Let n be i(7). Suppose n*p = -3*p, -3*p = 4*l. Suppose l = 3*a - 50 - 103. What is the highest common factor of 17 and a?
17
Let t = 217 + -200. Suppose 30*p - 117 = t*p. What is the greatest common factor of 36 and p?
9
Let t = -7687 - -7694. Suppose -5*j + 461 - 41 = 0. Suppose 6*v - j = 3*v. What is the greatest common divisor of t and v?
7
Suppose -96*g + 2664 = -59*g. What is the greatest common factor of g and 162?
18
Let i(q) = 28*q**2 + 294*q + 26. Let g be i(-12). Calculate the highest common divisor of 430 and g.
10
Suppose -339 - 575 = -4*u + 3*a, 0 = -2*u - 2*a + 464. Suppose 1517 = 11*v + u. Calculate the greatest common divisor of v and 26.
13
Suppose -4*x = -2*i + 108, -2*i + 129 = -0*x + 3*x. Let f = i + -59. Let p = f - -14. What is the greatest common factor of 60 and p?
15
Let f = -184 + 105. Let z = f + 231. Let n = z + -89. What is the greatest common factor of n and 18?
9
Let b(y) = 65*y**2 + 3813*y + 45. Let q be b(-59). What is the highest common divisor of q and 2370?
79
Let q(d) = -d**3 + 4*d**2 - 3*d + 12. Let j be q(3). Suppose 0 = -s - 3*r + 129, -3*r + 681 = 2*s + 3*s. Calculate the highest common factor of j and s.
6
Let r = -13 + 46. Let d = 64 + -36. Let a = r - d. Calculate the greatest common divisor of a and 20.
5
Let l = 7030 + -6038. Calculate the highest common factor of l and 32.
32
Let q be (1494/(-30) - 6)/(141/(-3055)). What is the highest common factor of 1131 and q?
39
Let a(w) = -460*w + 405. Let q be a(-5). Calculate the highest common factor of 5 and q.
5
Suppose 4*o = -0*o + 5*h - 787, -2*o - 394 = -2*h. Let b be (o/(-21))/2 + (-6)/(-21). What is the greatest common divisor of b and 95?
5
Let j(b) = 3*b**2 + 11*b - 41. Suppose -14*i - 2*i = -48. Let x be j(i). What is the greatest common factor of x and 532?
19
Let q = 152 + -150. Suppose 2*h + 5*p + 55 = 4*h, q*h = 3*p + 53. Calculate the greatest common factor of 625 and h.
25
Let s = 6467 - 4937. What is the greatest common factor of s and 1360?
170
Let i = 32625 - 27424. Calculate the greatest common factor of 14 and i.
7
Suppose -5*d = 4*c - 1467, -9*c = -8*c + d - 366. Let i = c - 307. What is the greatest common divisor of i and 8?
8
Suppose 4*y + 4*t - 248 = 0, 4*y + t - 25 = 217. Let p be (-36)/y - (-273)/5. Suppose -2*j + 40 = -14. Calculate the highest common factor of j and p.
27
Let h(s) = -429*s + 1811. Let g be h(4). What is the highest common factor of 4465 and g?
95
Let c = 174 + -176. Let w be 36/27*(-3)/c. What is the greatest common divisor of w and 9?
1
Let o be (-3)/2*-80*(-40)/(-100). Suppose -79 = -3*k + 29. Calculate the highest common divisor of o and k.
12
Let y(g) = -g**2 - 104*g - 2550. Let x be y(-40). Calculate the highest common factor of x and 11185.
5
Let s = 74 + -73. Suppose 0 = -t - 3*g - 4, 3*g = -3*t - 0*g. Suppose u - 11 = -t*q, 0 = 4*u + 4*q - 12 - 12. Calculate the greatest common divisor of u and s.
1
Suppose -3*o - 2311 = -c, 4*c + 4*o = -0*o + 9244. Let i = c - 1333. Suppose 0 = -15*j + 4098 - i. What is the highest common divisor of 26 and j?
26
Let z be -1 - (760/16)/(15/(-6) - -2). What is the greatest common factor of 376 and z?
94
Let s(v) be the first derivative of -4*v**2 + 13*v - 1/3*v**3 - 4. Let u be s(-7). What is the greatest common factor of 220 and u?
20
Let t(x) = x**3 - 32*x**2 + 35*x + 29. Let g be t(31). Suppose -3*r = -4*r + 11. Let h = 6 + r. What is the greatest common divisor of g and h?
17
Suppose -35 - 49 = -6*v. Suppose w + z - v = 0, 4*w + 2*z - 67 = -13. Let g = w - 9. Calculate the highest common divisor of 12 and g.
4
Let j be ((-32)/(-80))/(-3*3/(-45)). Suppose 4*g - 225 = j*x + 31, 3*x + 6 = 0. Calculate the greatest common factor of 9 and g.
9
Let u be ((-18)/5)/(80/(-30000)). Calculate the greatest common divisor of 594 and u.
54
Let g = -89 - -88. Let i(u) = -11*u - 1. Let f(p) = -21*p - 2. Let h(a) = -3*f(a) + 7*i(a). Let o be h(g). What is the highest common divisor of 65 and o?
13
Suppose 0 = 5*k + 12*y - 9*y - 86, -54 = -3*k - 3*y. Calculate the greatest common divisor of k and 178.
2
Suppose 0 = s + 5*x - 8902, s + 4*x - 6685 = 2222. What is the greatest common factor of s and 113?
113
Let x(q) = q**3 - 13*q**2 + 16*q - 43. Let z be x(12). Suppose z*s - 3*b + 8*b = 260, s - 46 = -4*b. What is the highest common divisor of 297 and s?
27
Suppose 67*l + 320 = 59*l. Let n = 51 + l. Calculate the greatest common divisor of 253 and n.
11
Suppose -548*i - 304 = -567*i. Let a = -57 - -105. Calculate the greatest common factor of i and a.
16
Suppose 15 = 5*q + 10*q. Let m be q/(-7) + 1378/91. Calculate the greatest common divisor of m and 15.
15
Let j = -24 - -35. Let v(r) = 8*r - 53. Let m be v(j). Let a = 37 - -103. What is the greatest common factor of m and a?
35
Suppose 10*n - 203 + 80 - 557 = 0. What is the greatest common factor of n and 2754?
34
Let b be 2*(18/(-8))/(21*3/(-714)). Suppose 0 = -3*s + 2*d + 92, -5*d - 99 = -3*s - 13. Let l = -15 + s. Calculate the greatest common factor of l and b.
17
Let a(q) = 78*q**3 + 6*q**2 - 27*q + 150. Let d be a(4). What is the highest common divisor of d and 108?
54
Let g = 597 - 597. Suppose -5*s + 3*u + 325 = g, 32 - 97 = -s - 4*u. Suppose k - 31 = 3*i - 3, 36 = 2*k - 2*i. What is the highest common factor of s and k?
13
Suppose -21673 + 8643 = -141*f + 12350. What is the greatest common divisor of 150 and f?
30
Suppose 4